6?
d
What is -10 (base 3) in base 9?
-3
-7e (base 15) to base 7
-230
Convert 12 (base 4) to base 15.
6
What is 102000 (base 3) in base 9?
360
Convert -1 (base 14) to base 4.
-1
What is 165 (base 9) in base 12?
b8
Convert -350 (base 6) to base 10.
-138
Convert -2 (base 9) to base 6.
-2
-27 (base 13) to base 15
-23
Convert 123 (base 7) to base 14.
4a
What is 4 (base 13) in base 6?
4
Convert 131 (base 8) to base 4.
1121
What is -133 (base 5) in base 14?
-31
What is -24 (base 5) in base 3?
-112
What is 13 (base 13) in base 7?
22
-172 (base 9) to base 16
-92
Convert -7 (base 14) to base 6.
-11
Convert -3 (base 6) to base 16.
-3
What is 134 (base 16) in base 3?
102102
What is -104 (base 7) in base 16?
-35
What is 3 (base 15) in base 9?
3
Convert 3 (base 13) to base 15.
3
What is 12120 (base 3) in base 8?
226
Convert 1bd (base 15) to base 13.
250
Convert -ab (base 13) to base 8.
-215
-1 (base 4) to base 6
-1
3002 (base 4) to base 6
522
13 (base 9) to base 8
14
Convert -d (base 14) to base 12.
-11
-d (base 16) to base 7
-16
1101 (base 2) to base 16
d
1d (base 16) to base 5
104
1 (base 16) to base 3
1
Convert -60 (base 11) to base 5.
-231
What is -6a (base 13) in base 4?
-1120
What is -11 (base 7) in base 16?
-8
Convert -122 (base 4) to base 3.
-222
-1 (base 8) to base 9
-1
What is -13 (base 15) in base 3?
-200
-8 (base 11) to base 5
-13
Convert -2 (base 13) to base 4.
-2
What is -18 (base 13) in base 15?
-16
Convert 1 (base 8) to base 3.
1
What is -57 (base 8) in base 16?
-2f
-2 (base 16) to base 13
-2
-2 (base 12) to base 2
-10
5 (base 8) to base 13
5
2b (base 12) to base 3
1022
What is 7 (base 14) in base 9?
7
0 (base 9) to base 14
0
11 (base 12) to base 5
23
-34 (base 5) to base 4
-103
11 (base 16) to base 11
16
What is -1b (base 15) in base 2?
-11010
-b (base 13) to base 9
-12
Convert -123 (base 4) to base 14.
-1d
5 (base 16) to base 15
5
-33 (base 14) to base 15
-30
What is 1 (base 4) in base 9?
1
What is 3 (base 6) in base 10?
3
Convert 7 (base 15) to base 3.
21
Convert -100 (base 2) to base 3.
-11
10010 (base 2) to base 8
22
Convert -1 (base 16) to base 13.
-1
What is -22 (base 9) in base 7?
-26
443 (base 7) to base 14
123
What is 0 (base 11) in base 4?
0
What is 4 (base 14) in base 5?
4
20 (base 14) to base 8
34
5 (base 8) to base 7
5
What is 10100 (base 2) in base 10?
20
What is -540 (base 6) in base 13?
-129
Convert -202 (base 5) to base 11.
-48
Convert 10 (base 4) to base 13.
4
-2 (base 8) to base 7
-2
What is 2 (base 13) in base 11?
2
What is -4a (base 14) in base 11?
-60
What is 1d (base 15) in base 9?
31
What is -1141 (base 5) in base 15?
-b6
-11010 (base 2) to base 12
-22
a4 (base 14) to base 4
2100
What is 141 (base 6) in base 12?
51
Convert 12 (base 7) to base 6.
13
2 (base 10) to base 9
2
-12 (base 15) to base 9
-18
Convert 5 (base 10) to base 8.
5
a (base 11) to base 16
a
60 (base 11) to base 5
231
11 (base 6) to base 5
12
Convert -5 (base 6) to base 5.
-10
Convert 102 (base 3) to base 16.
b
Convert -1011 (base 3) to base 5.
-111
-5 (base 14) to base 15
-5
102 (base 4) to base 3
200
-11 (base 16) to base 7
-23
What is 0 (base 9) in base 15?
0
-3102 (base 4) to base 2
-11010010
1 (base 11) to base 9
1
What is 111100 (base 2) in base 3?
2020
Convert 7 (base 14) to base 11.
7
What is 103 (base 4) in base 12?
17
What is 1 (base 5) in base 4?
1
Convert -8 (base 16) to base 15.
-8
What is 40 (base 13) in base 4?
310
What is -2 (base 9) in base 2?
-10
What is -3 (base 11) in base 15?
-3
What is -202 (base 4) in base 7?
-46
Convert 111001 (base 2) to base 13.
45
What is 105 (base 6) in base 16?
29
Convert 23 (base 7) to base 15.
12
-125 (base 6) to base 11
-49
Convert -2 (base 13) to base 8.
-2
What is -15 (base 10) in base 14?
-11
What is 23 (base 10) in base 16?
17
What is 441 (base 5) in base 2?
1111001
-7 (base 12) to base 9
-7
-1 (base 8) to base 7
-1
Convert -b2 (base 14) to base 4.
-2130
What is -1 (base 14) in base 13?
-1
What is -6d (base 16) in base 10?
-109
What is 3 (base 5) in base 7?
3
Convert -25 (base 6) to base 3.
-122
What is -10 (base 11) in base 12?
-b
-1244 (base 5) to base 8
-307
What is -2 (base 13) in base 5?
-2
Convert -2 (base 7) to base 3.
-2
-2b (base 13) to base 9
-41
c (base 15) to base 12
10
-1222 (base 3) to base 16
-35
202 (base 10) to base 2
11001010
Convert -2 (base 3) to base 9.
-2
What is -21 (base 3) in base 7?
-10
Convert 1 (base 13) to base 12.
1
What is 21 (base 15) in base 8?
37
Convert -6 (base 7) to base 3.
-20
What is 0 (base 13) in base 5?
0
What is -10121 (base 4) in base 14?
-161
What is -41 (base 9) in base 15?
-27
-1 (base 13) to base 12
-1
Convert 1b9 (base 15) to base 8.
617
Convert -106 (base 12) to base 7.
-303
What is -106 (base 8) in base 14?
-50
What is 1 (base 5) in base 14?
1
Convert 1 (base 16) to base 5.
1
What is -8 (base 11) in base 3?
-22
Convert 21 (base 8) to base 9.
18
What is 1000000 (base 2) in base 9?
71
Convert -1 (base 15) to base 12.
-1
50 (base 11) to base 15
3a
-1111 (base 2) to base 4
-33
What is 0 (base 11) in base 7?
0
69 (base 12) to base 2
1010001
What is -93 (base 10) in base 2?
-1011101
What is 44 (base 5) in base 11?
22
What is 11011 (base 2) in base 9?
30
What is 51 (base 9) in base 6?
114
a5 (base 16) to base 9
203
-1 (base 2) to base 10
-1
What is 5 (base 11) in base 6?
5
What is 3 (base 12) in base 14?
3
-22 (base 10) to base 14
-18
Convert -1100 (base 2) to base 11.
-11
What is 2 (base 7) in base 12?
2
What is 2 (base 14) in base 9?
2
Convert 14 (base 8) to base 4.
30
What is 0 (base 9) in base 10?
0
Convert 1110 (base 3) to base 14.
2b
What is -170 (base 15) in base 2?
-101001010
11 (base 2) to base 16
3
What is 112 (base 4) in base 7?
31
6 (base 13) to base 6
10
What is -102 (base 5) in base 7?
-36
What is 3 (base 14) in base 15?
3
Convert -10 (base 4) to base 16.
-4
What is -301 (base 6) in base 2?
-1101101
What is 1213 (base 4) in base 10?
103
-3 (base 13) to base 3
-10
Convert 30 (base 13) to base 12.
33
-211 (base 3) to base 4
-112
-2 (base 7) to base 8
-2
What is -10 (base 2) in base 7?
-2
What is 10 (base 8) in base 16?
8
Convert 1000 (base 2) to base 10.
8
What is -2a (base 11) in base 6?
-52
Convert 22 (base 3) to base 5.
13
Convert -13 (base 15) to base 12.
-16
-9 (base 14) to base 4
-21
What is -101100 (base 2) in base 16?
-2c
Convert -137 (base 12) to base 15.
-c7
10 (base 3) to base 15
3
-16 (base 9) to base 3
-120
What is 2311 (base 4) in base 8?
265
Convert 57 (base 10) to base 12.
49
What is -35 (base 10) in base 4?
-203
-24 (base 11) to base 16
-1a
What is 0 (base 10) in base 13?
0
What is -9 (base 14) in base 15?
-9
0 (base 7) to base 16
0
What is -11 (base 6) in base 10?
-7
What is -5 (base 16) in base 3?
-12
What is 90 (base 14) in base 7?
240
Convert -2 (base 5) to base 10.
-2
What is -1501 (base 6) in base 16?
-18d
Convert -b9 (base 14) to base 2.
-10100011
0 (base 10) to base 13
0
-50 (base 8) to base 13
-31
What is -4 (base 13) in base 2?
-100
-2a (base 12) to base 16
-22
What is -19 (base 11) in base 10?
-20
Convert -10 (base 11) to base 7.
-14
19 (base 10) to base 2
10011
Convert 1 (base 5) to base 4.
1
-31 (base 13) to base 10
-40
1 (base 12) to base 5
1
Convert 48 (base 16) to base 3.
2200
-23 (base 5) to base 12
-11
-2b (base 13) to base 16
-25
87 (base 14) to base 13
92
Convert -6e (base 15) to base 9.
-125
Convert -1 (base 12) to base 9.
-1
-11d (base 14) to base 3
-22021
-6 (base 16) to base 4
-12
-1011010 (base 2) to base 4
-1122
-4 (base 9) to base 7
-4
Convert -72 (base 11) to base 13.
-61
What is -6 (base 12) in base 11?
-6
Convert -1 (base 13) to base 7.
-1
Convert -2 (base 14) to base 16.
-2
Convert -11 (base 11) to base 6.
-20
What is -200 (base 6) in base 9?
-80
-3 (base 8) to base 13
-3
Convert -1 (base 4) to base 15.
-1
Convert -213 (base 6) to base 15.
-56
Convert -202 (base 3) to base 8.
-24
What is 3 (base 13) in base 11?
3
What is -332 (base 8) in base 11?
-189
Convert -6 (base 9) to base 3.
-20
-46 (base 11) to base 8
-62
What is 20102 (base 3) in base 6?
445
Convert bc (base 16) to base 14.
d6
0 (base 4) to base 11
0
What is -11321 (base 4) in base 3?
-111222
Convert -25 (base 7) to base 3.
-201
Convert 188 (base 14) to base 15.
161
Convert 12110 (base 3) to base 7.
300
3 (base 11) to base 12
3
Conver